rime factors of q.
2, 5
Let j(c) = -4*c**3 + 8*c**2 - 8*c - 2. Let g be j(4). List the prime factors of 1/5 - 0 - g/15.
11
Let b(l) be the second derivative of -l**4/12 - 5*l**3/6 + 4*l**2 + 7*l. Let s be b(-6). Suppose -25 = -s*r + 37. What are the prime factors of r?
31
Let t be 28 - (-2*8)/(-4). Let n = t - 22. Suppose 0*l = -2*l + 2*y + 76, 0 = 3*l + n*y - 134. List the prime factors of l.
2, 3, 7
Let x(r) = 3*r + 9. Let z be x(0). Let h(n) = -2 - n**3 + 1 + 13*n**2 - 4*n**2 + 3*n. List the prime factors of h(z).
2, 13
Let g(m) = 3*m**2 - 5*m + 9. Let n be g(-5). Suppose -553 = -6*r - n. What are the prime factors of r?
2, 37
Suppose 5*y + 1858 = 4*f, -f + 5*y - 7 + 479 = 0. What are the prime factors of f?
2, 3, 7, 11
Suppose 0 = 3*c + 3*g - 30, -3*c + 12 + 16 = g. Suppose 0*i = 3*i - c. Suppose -3*h - h - 122 = -i*d, d - h = 40. What are the prime factors of d?
2, 19
Let a(j) = 31*j + 79. List the prime factors of a(3).
2, 43
Suppose -6*h = -h - 10. Suppose 7*p = 2*p - 4*f - h, 4*f = -4*p. List the prime factors of p - ((0 - 21) + -2).
3, 7
Suppose 18*a = 17*a + 13. Suppose -a = -3*x - 1. Suppose -x*b = -9*b + 220. What are the prime factors of b?
2, 11
Let s be 2*((-20)/(-8) - 2). Suppose -5*t = w - 155, -s = -w + 4. Let a = -4 + t. List the prime factors of a.
2, 13
Let l be 3 + 3 + -2 - 1. Suppose 0 = 4*r - 3*r + l*o - 21, 4*r + o - 128 = 0. Let n = -31 + r. List the prime factors of n.
2
What are the prime factors of (-107)/((-72)/120 + (-4)/(-10))?
5, 107
Suppose -2*h + 6*h = 132. Let i = h + -23. Let m = -3 + i. What are the prime factors of m?
7
Let j(q) = q**2 + 7. Suppose -5*r = -6*r + 5. What are the prime factors of j(r)?
2
Suppose -3*d = -5*u + 4*u - 143, 5*d - 4*u = 250. List the prime factors of (d/4 - 4)*10/3.
5
Let k(i) = -2*i + 6. Suppose -5*z = 4*h - 37, 3*h - 1 = 8. Let g be k(z). What are the prime factors of (4 + -4 + g)*-11?
2, 11
Let r(h) = 2*h**2 + 5*h - 33. List the prime factors of r(-7).
2, 3, 5
Let t(o) = -o**3 + 7*o**2 - 6*o - 3. Let i be -2 - -7*(3 + -2). Suppose 0 = -i*c + 29 - 4. List the prime factors of t(c).
17
Let q = -2404 - -5038. List the prime factors of q.
2, 3, 439
Let w be (-295)/5 - (-1)/1. Let m = -18 - w. Suppose -c - 12 = -m. What are the prime factors of c?
2, 7
Let o(k) = -387*k + 3. List the prime factors of o(-2).
3, 7, 37
Suppose 5*p = -70 + 225. Suppose 0*y - 41 = 4*q + 5*y, -4*q - 3*y - p = 0. What are the prime factors of 74 + (0/q - -2)?
2, 19
Suppose t - 5*m = -13, 2*t = 4*t + 4*m - 16. Let h be 3*t*12/36. Suppose 3*q = 4*r + 1, 5*r - 2 = 2*q + h. What are the prime factors of r?
2
Let d = 17 + -23. Let i(m) = -m**2 - 9*m - 6. Let s be i(d). List the prime factors of (s/15)/(3/75).
2, 5
Suppose 15*c = 60*c - 128340. What are the prime factors of c?
2, 23, 31
Suppose -4*z + 17*z = 65. Suppose 2*v = -z*a + 184, v + a - 4*a - 103 = 0. List the prime factors of v.
97
Suppose 5*r - 74 = -2*l + 39, -1 = l. What are the prime factors of (-4)/(-14) - r/((-644)/2736)?
2, 7
Let u be 30 + (-6 + 3)/3. Let r = u - -9. Let i = r - 7. What are the prime factors of i?
31
Let c = -95 - -471. What are the prime factors of c?
2, 47
Let q(w) = -22 - 23 + 4*w + 86. What are the prime factors of q(20)?
11
Suppose 5*y + 5*z = -145, 2*y - z = -0*z - 73. Let f = -37 - y. List the prime factors of f - (-207)/(12/4).
2, 3, 11
Let r(k) = 188*k + 73. Let u be r(7). Suppose -4*w = 4*m - 1032, 4*m - 3*w = u - 371. What are the prime factors of m?
2
Suppose 5*f = -j + 9459, 0*f + 3*f - 5672 = -4*j. What are the prime factors of f?
2, 11, 43
Let x be (-1 + -15)*7/(-14). Let b(g) = g**3 - 4*g**2 - 19*g + 15. What are the prime factors of b(x)?
7, 17
Let g be (-5632)/112 + 4/14. What are the prime factors of (g/(-8))/(2/24)?
3, 5
Suppose 1325 = 21*w - 20*w. List the prime factors of w.
5, 53
Let v = 1989 - -223. What are the prime factors of v?
2, 7, 79
Suppose 0 = -20*y + 7217 - 77. List the prime factors of y.
3, 7, 17
Suppose 8*m - 13*m - 60 = 0. List the prime factors of (-2118)/m - ((-7)/(-2) + -2).
5, 7
Suppose -181 = -3*i + 512. Suppose -3*n - 1070 = -5*w, n = w - 3*n - i. Suppose -113 = -6*o + w. What are the prime factors of o?
2, 3
Suppose 30*d = 33*d. Suppose -60*f + 57*f + 213 = d. List the prime factors of f.
71
Suppose -7*x + 1502 = 606. List the prime factors of x.
2
Suppose -j - 2*d + 14 = 0, 2*j - 24 = j - 4*d. Let n = 5 + j. What are the prime factors of (0 + 1)/(n/36)?
2
Let i(r) = 2*r**2 + 18*r + 13. Let q be i(-8). What are the prime factors of (-12)/(-3) + 0 + q + 146?
3, 7
Let n be (1 - 2) + (-5)/1. What are the prime factors of n/((-15)/580*2)?
2, 29
Let d(b) = -4*b**3 - 9*b**2 - 16*b - 4. Let q be d(-4). Let l = q - 100. What are the prime factors of l?
2, 3
Let w be 8/2 - (-133)/(-19). List the prime factors of (7*(-3)/(-5) + w)*50.
2, 3, 5
Suppose 0*p = -3*p. Let a(l) = l**3 - l**2 + 2*l + 127. Let h be a(p). Suppose -5*d + 4*c + 0*c = -h, 4*d - 98 = 5*c. List the prime factors of d.
3
Let q = -31 - -8. Let i = q - -49. List the prime factors of i.
2, 13
Let i(l) be the first derivative of -15*l**4/4 - l**3 - 7*l**2/2 - 8*l - 47. What are the prime factors of i(-2)?
2, 3, 19
What are the prime factors of (-137136)/(-44) - 12/(-44)?
3, 1039
Let x(l) = -208*l - 559. List the prime factors of x(-20).
13, 277
Suppose 3*x = 4*m + 3546, -15*x + 18*x - 3522 = -4*m. What are the prime factors of x?
2, 19, 31
Suppose -2*a = 3*s + 29, -3*a - 2*s - 55 = -4. Let h = a - -7. Let x(b) = -b**2 - 15*b + 9. What are the prime factors of x(h)?
3, 5
Let l = 94 - 78. Let m(z) = 14*z - 44. What are the prime factors of m(l)?
2, 3, 5
Suppose 1394 + 7462 = 6*w. List the prime factors of w.
2, 3, 41
Let g be (216/(-84))/(211/(-105) + 2). Suppose 4*z = -z + g. What are the prime factors of z?
2, 3
Let n = -419 - -239. Let m = -78 - n. Suppose -4*d - g + 86 = 0, 3*g - m = -5*d - g. What are the prime factors of d?
2, 11
Let u be (-2)/(3 - 20/6). Suppose -4*p + 228 = 5*f, 2*p = u*f - f - 216. What are the prime factors of f?
2, 11
Let c = 1376 - 751. List the prime factors of c.
5
Suppose r - 2*r - 6 = 0. Let y be (10/r)/((-5)/45). What are the prime factors of (-208)/(-20) - (-9)/y?
11
Let j = 128 + 40. Let c = j - 89. What are the prime factors of c?
79
Let r = -27 - -51. Suppose 0 = b - r - 14. What are the prime factors of b?
2, 19
Let l = -7 + 10. Suppose l*d + 24 = -d. What are the prime factors of d/(-9)*39/2?
13
Suppose -2*z + 10 = 0, -a - 7*z + 3*z + 62 = 0. Suppose l = -0*l + 2. Suppose -2*u + a = -4*t - 8, l*u + 2*t - 38 = 0. List the prime factors of u.
3, 7
Let w = 303 - 121. List the prime factors of w.
2, 7, 13
Let c(w) = 16*w - 2 - 10 + 10*w**2 - w**3 + 0. Let g be c(11). Let p = g - 24. What are the prime factors of p?
19
Let s = -230 + 1014. What are the prime factors of s?
2, 7
Let o(f) = 14*f + 5. Let l(p) = -13*p - 6. Let s(i) = 3*l(i) + 2*o(i). List the prime factors of s(-3).
5
Let r = -102 + 35. Let w = r + 134. What are the prime factors of w?
67
Let p(v) be the second derivative of v**5/20 + 7*v**4/12 + v**3 + 3*v**2 + 6*v. What are the prime factors of p(-5)?
2, 13
What are the prime factors of ((-345)/4)/5*-1*4?
3, 23
Let r(p) = p**2 - 4*p + 7. Let n(s) = -s - 9. Let l be n(-7). Let x = 9 + l. List the prime factors of r(x).
2, 7
Let c(t) = 170*t**2 - 22*t - 54. List the prime factors of c(-4).
2, 3, 17
Let n(g) = 61*g**2 + 15*g - 10. What are the prime factors of n(3)?
2, 73
Suppose 8*s - 8752 = -3336. List the prime factors of s.
677
Let c(t) = -t**2 + 11*t - 5. Suppose -4*d = -0*d + 56. Let i = d + 23. List the prime factors of c(i).
13
Let v = -47 - -252. List the prime factors of v.
5, 41
Suppose -18*o - 4070 = -29*o. List the prime factors of o.
2, 5, 37
Suppose 28*a = 26*a + 1356. What are the prime factors of (1 - 2)/((-681)/a - -1)?
2, 113
Let z = -42 - -359. List the prime factors of z.
317
Let x(t) = 10*t + 0*t + 11 - 2*t**3 - 9*t**2 + 3*t**3. Let u be 24/84 + (-2 - (-272)/28). What are the prime factors of x(u)?
3
Suppose 0 = 35*r - 32*r. Suppose 5*w - 3*v - 367 = r, v + 497 = 5*w + 138. List the prime factors of w.
71
Suppose -402*u + 409*u - 36911 = 0. What are the prime factors of u?
5273
Let b = -8 - -996. List the prime factors of b.
2, 13, 19
Let u(s) = s - 2. Let g